24569
List the prime factors of 29750857.
757, 39301
List the prime factors of 46311945.
3, 5, 3087463
What are the prime factors of 8126562?
2, 3, 787, 1721
What are the prime factors of 43010901?
3, 17, 281117
List the prime factors of 989244883.
11, 67, 1342259
List the prime factors of 193294920.
2, 3, 5, 7, 13, 31, 571
What are the prime factors of 34349084?
2, 7, 11, 229, 487
What are the prime factors of 484781186?
2, 4337, 55889
What are the prime factors of 8479129672?
2, 13, 31, 509, 5167
List the prime factors of 600494347.
11617, 51691
What are the prime factors of 1252695469?
1252695469
List the prime factors of 3648513040.
2, 5, 1811, 25183
What are the prime factors of 38563114?
2, 19281557
What are the prime factors of 388205267?
2699, 143833
What are the prime factors of 163082820?
2, 3, 5, 647, 4201
List the prime factors of 314353769.
314353769
What are the prime factors of 6101661351?
3, 59, 34472663
What are the prime factors of 346814903?
2243, 154621
What are the prime factors of 3605439691?
7, 515062813
What are the prime factors of 3819952947?
3, 17123, 74363
List the prime factors of 4444787700.
2, 3, 5, 17, 290509
List the prime factors of 56350006.
2, 181, 155663
List the prime factors of 3515949084.
2, 3, 67, 103, 42457
List the prime factors of 395695989.
3, 13, 73, 15443
List the prime factors of 46424048.
2, 11, 37, 7129
List the prime factors of 551593392.
2, 3, 7, 33503
List the prime factors of 3238637522.
2, 1619318761
What are the prime factors of 237159411?
3, 7411, 10667
What are the prime factors of 23314478?
2, 11, 1059749
What are the prime factors of 133442677?
133442677
What are the prime factors of 5262076272?
2, 3, 3037, 36097
List the prime factors of 518412679.
47, 11030057
List the prime factors of 114288690.
2, 3, 5, 3809623
List the prime factors of 187363241.
13, 2521, 5717
What are the prime factors of 249597115?
5, 257, 194239
List the prime factors of 2919164967.
3, 983, 109987
What are the prime factors of 348972219?
3, 43, 100193
List the prime factors of 947654869.
7, 135379267
List the prime factors of 81080535.
3, 5, 2309, 2341
List the prime factors of 1143754083.
3, 31, 4099477
List the prime factors of 839073280.
2, 5, 31, 97, 109
What are the prime factors of 21685344?
2, 3, 225889
List the prime factors of 3833079823.
1867, 2053069
What are the prime factors of 9019397911?
9019397911
What are the prime factors of 83483948?
2, 19, 113, 9721
What are the prime factors of 1379040?
2, 3, 5, 13, 17
List the prime factors of 2432478017.
191, 661, 19267
List the prime factors of 520312829.
17, 73, 227, 1847
List the prime factors of 6173734985.
5, 11, 3229, 34763
What are the prime factors of 60617773?
60617773
List the prime factors of 279472216.
2, 19, 263, 6991
What are the prime factors of 44225764?
2, 11, 1005131
List the prime factors of 757476024.
2, 3, 269, 117329
What are the prime factors of 517269444?
2, 3, 911, 47317
What are the prime factors of 142250263?
163, 317, 2753
What are the prime factors of 168150030?
2, 3, 5, 1699, 3299
List the prime factors of 13711922.
2, 7, 979423
List the prime factors of 1950581826.
2, 3, 108365657
What are the prime factors of 558102188?
2, 7, 19932221
List the prime factors of 105784858.
2, 61, 131, 6619
What are the prime factors of 649620701?
89, 7299109
List the prime factors of 43621634.
2, 7, 3115831
List the prime factors of 46274715.
3, 5, 1028327
What are the prime factors of 26240409?
3, 13, 74759
List the prime factors of 216535433.
37, 439, 13331
What are the prime factors of 25894761?
3, 1201, 7187
List the prime factors of 4861837.
37, 101, 1301
List the prime factors of 161708732.
2, 40427183
List the prime factors of 21130585.
5, 7, 603731
List the prime factors of 13933713.
3, 1657, 2803
What are the prime factors of 597778950?
2, 3, 5, 19, 137, 1531
What are the prime factors of 1549260391?
7, 31617559
List the prime factors of 450191407.
61, 7380187
What are the prime factors of 2200423772?
2, 31, 3373, 5261
What are the prime factors of 3333448150?
2, 5, 43, 1550441
List the prime factors of 25179794.
2, 2239, 5623
List the prime factors of 17526710.
2, 5, 839, 2089
List the prime factors of 112787663.
1637, 68899
What are the prime factors of 99904334?
2, 49952167
What are the prime factors of 1599701001?
3, 533233667
What are the prime factors of 680753307?
3, 13, 569, 30677
What are the prime factors of 886515615?
3, 5, 19700347
List the prime factors of 3541004.
2, 885251
What are the prime factors of 5232981873?
3, 7, 23, 10834331
What are the prime factors of 6715546446?
2, 3, 7, 159893963
List the prime factors of 32464527.
3, 43, 251663
What are the prime factors of 262961799?
3, 87653933
List the prime factors of 1423968410.
2, 5, 23, 137, 45191
What are the prime factors of 100023328?
2, 3125729
What are the prime factors of 40778281?
47, 867623
What are the prime factors of 384707319?
3, 128235773
List the prime factors of 41223356.
2, 10305839
What are the prime factors of 404640782?
2, 7, 13, 421, 5281
List the prime factors of 323517406.
2, 53, 67, 45553
List the prime factors of 61756813.
61756813
What are the prime factors of 525785182?
2, 13, 191, 239, 443
List the prime factors of 62520213.
3, 7, 2977153
List the prime factors of 205451318.
2, 23, 1301, 3433
What are the prime factors of 45708301?
241, 189661
What are the prime factors of 99866874?
2, 3, 17, 23, 42569
What are the prime factors of 272440123?
29, 9394487
What are the prime factors of 5458050709?
5458050709
List the prime factors of 5887980.
2, 3, 5, 7, 4673
List the prime factors of 1993243050.
2, 3, 5, 4429429
List the prime factors of 299765226.
2, 3, 31, 103, 15647
List the prime factors of 709369949.
709369949
What are the prime factors of 697363994?
2, 101, 3452297
What are the prime factors of 5565371?
7, 53, 2143
What are the prime factors of 316379722?
2, 158189861
What are the prime factors of 504529317?
3, 2339, 2663
List the prime factors of 171782065.
5, 7, 13, 377543
What are the prime factors of 1060302057?
3, 353434019
What are the prime factors of 151563105?
3, 5, 163, 20663
List the prime factors of 1492477.
7, 101, 2111
List the prime factors of 1418808017.
11, 128982547
What are the prime factors of 568092627?
3, 1867, 33809
List the prime factors of 104199550.
2, 5, 7, 13, 22901
What are the prime factors of 24308018?
2, 7, 248041
List the prime factors of 363231214.
2, 17, 10683271
What are the prime factors of 6379138646?
2, 31, 59, 389, 4483
What are the prime factors of 3793519841?
19, 29, 6884791
List the prime factors of 50262771.
3, 13, 19, 29, 2339
What are the prime factors of 40773343?
13, 191, 16421
What are the prime factors of 175879592?
2, 7, 61, 51487
List the prime factors of 1374633391.
89, 15445319
What are the prime factors of 21597059?
11, 1963369
List the prime factors of 66696640.
2, 5, 257, 811
List the prime factors of 717288150.
2, 3, 5, 47, 71, 1433
What are the prime factors of 125315857?
17, 31, 237791
What are the prime factors of 473032061?
473032061
List the prime factors of 100053295.
5, 457, 43787
List the prime factors of 594026942.
2, 41, 149, 48619
List the prime factors of 119042475.
3, 5, 41, 38713
What are the prime factors of 203616236?
2, 19, 283, 9467
List the prime factors of 420351509.
12619, 33311
What are the prime factors of 2356209418?
2, 17, 19, 3647383
What are the prime factors of 30473512?
2, 3809189
What are the prime factors of 20377655?
5, 23, 79, 2243
List the prime factors of 478788227.
89, 5379643
What are the prime factors of 771777930?
2, 3, 5, 7, 11, 4339
List the prime factors of 1125566070.
2, 3, 5, 37518869
List the prime factors of 435047784.
2, 3, 1019, 17789
What are the prime factors of 219304950?
2, 3, 5, 1462033
List the prime factors of 1010193927.
3, 251, 1341559
What are the prime factors of 142371001?
142371001
What are the prime factors of 37908004?
2, 277, 34213
List the prime factors of 76214357.
76214357
List the prime factors of 446844634.
2, 37, 6038441
What are the prime factors of 258790908?
2, 3, 271, 79579
What are the prime factors of 432595286?
2, 61, 457, 7759
What are the prime factors of 28050537?
3, 383, 24413
List the prim